 Suppose d + 3*c = -11, -5*c - 1 = -4*d - 8*c. Calculate x(d).
-14
Let y(j) = 4*j - 10818890 - j**2 + 10818872 + 2*j. Calculate y(5).
-13
Suppose 4*j - 2*h = -7*h - 75, -3*j = 5*h + 60. Let m = j - -24. Let s(i) = -i**2 + 8*i + 10. Give s(m).
1
Suppose 0 = -11*u - 5*u + 32. Let z(y) = 2 - 1291*y**u + 1292*y**2 + 11*y + 8. What is z(-10)?
0
Let t(q) = q**2 - 12*q - 18. Let o = -2785 + 2798. Give t(o).
-5
Let s(q) = -5*q**2 - 5*q - 15. Let j(l) = 7*l**2 + 6*l + 22. Let d(v) = 3*j(v) + 4*s(v). Give d(-4).
30
Let l(o) be the first derivative of 37 - 1/4*o**4 + o**2 + o - o**3. Suppose -4*v + 0*v = -5*g - 3, 5*g = 3*v - 6. What is l(v)?
-5
Let t(k) = 4*k - 38. Let b be t(25). Let u = b - 62. Let c be (-6 + 8)/(1 + u) + -6. Let l(w) = w - 1. What is l(c)?
-5
Let i = 12535 + -12569. Let p(u) = -u - 39. Determine p(i).
-5
Let j(s) = -40*s - 16. Let m(b) = 13*b + 5. Let d(q) = 5*j(q) + 16*m(q). Let z(v) = 9*v + 53. Let p(c) = 3*c**2 + 9*c. Let i be p(-1). Let y be z(i). Give d(y).
-8
Let k(t) = 5*t**2 - 19*t - 3. Let i(o) = -5*o**2 + 15*o + 2. Let v(x) = -6*i(x) - 5*k(x). Calculate v(-3).
33
Let l(a) = -4*a - 1. Let y = 13 - 9. Let u(w) = 1 + 2 - y + 0. Let q(x) = -l(x) - u(x). What is q(2)?
10
Let y(k) = -14*k**2 - 482 - 481 + 962 + 29*k. Determine y(2).
1
Let a(d) be the second derivative of -1/20*d**5 - 7*d + 9 + 2/3*d**4 - 5/2*d**2 - 2/3*d**3. Give a(7).
16
Let r be 65/75 - (-4)/30. Let j(y) = 2*y + 0*y - 17*y**3 - 37*y**3 - 1 + 51*y**3. Determine j(r).
-2
Let q(m) = -79*m + 85. Let h(n) = 67*n - 86. Let i(t) = 5*h(t) + 4*q(t). Give i(5).
5
Let u(h) = h**2 - 17*h - 44. Let l = -21012 - -21036. What is u(l)?
124
Let h(j) = -j**2 + 4*j - 3. Suppose 11*b - 77 = -44. Suppose i = 4*u - 7*u - 5, 2*u - i - 5 = 0. Suppose -b*n + 5 = 5*a, -4*n = -a - u*n + 24. What is h(a)?
-3
Let z(d) = -6*d + 2. Let v(h) = 2*h + 1. Let m(y) = 17*y - 107. Let g(o) = m(o) - 2*v(o). Let c be g(8). What is z(c)?
32
Let u(v) = 5 - 36*v + 24*v + 10*v - v**3 + 14*v**2. Calculate u(14).
-23
Let g = -310 - -330. Suppose g = -r - 5*k, 0 = -4*r - 3*k + 7*k + 40. Let y(n) = n**2 - 5*n - 4. Calculate y(r).
-4
Let t(u) = u - 8 + 37*u**2 - 20*u**2 - 39*u**2 - 13*u**2. Calculate t(2).
-146
Let k(a) = 7*a + 3*a**2 - 53 + 0*a**2 - 59 - 7*a**2 + 95 - a**3. Calculate k(-6).
13
Let u(g) be the second derivative of -g**7/2520 - g**6/120 + g**5/60 + 35*g**4/12 + 3*g**2/2 - 168*g. Let x(m) be the third derivative of u(m). Give x(-6).
2
Let q(n) = -n**3 + n**2 + 7*n - 4. Let t be (-3 - (-7 + 0)) + (-3 - (7 + -4)). What is q(t)?
-6
Let d(w) = -w**3 - w - 2. Let n be d(-1). Let i(z) be the third derivative of 1/3*z**3 - 1/24*z**4 - 2*z - 1/60*z**5 - 6*z**2 + 0. Determine i(n).
2
Let n be ((-282)/329)/(1337/441 + -3). Let t(v) = v**3 + 27*v**2 - 2*v - 66. Calculate t(n).
-12
Let q = -126 - -126. Suppose -4*y - y = q. Let h(n) = 131*n - 5*n**2 - 1 + 4*n**2 + y - 137*n. Calculate h(-6).
-1
Let y(a) be the first derivative of -a**6/360 + a**5/8 - 5*a**4/12 - 2*a**3/3 + 30*a**2 + 99. Let l(i) be the third derivative of y(i). Determine l(14).
4
Let i = 261 - 255. Let g(h) = 2*h + 4 + 2*h - 12 + i. What is g(5)?
18
Let q(y) = 2*y + 5. Let v(r) = r - 6. Let k be v(17). Suppose 5*x + 2*a = 30, 10 = 4*a - 10. Suppose -27 + k = -x*u. Give q(u).
13
Suppose 96 = 5*m - 151*o + 147*o, -5*m = o - 76. Let l(f) = f - 22. Calculate l(m).
-6
Let r(y) = -7*y + y + 4*y + 12064 - 12102. What is r(11)?
-60
Let f(i) = -i**3 + 16*i**2 + 15*i + 21. Let z = -501 - -518. Give f(z).
-13
Suppose 2*k - 20 = -0*k - n, 3*k - 4*n = 8. Suppose k = -5*r + 23. Let c(x) = -4*x**3 + 2*x**r - 3*x**3. Determine c(-1).
5
Let b(m) be the second derivative of 2 + m**2 + 0*m**3 - 5/6*m**4 + 1/20*m**5 - 3*m. Give b(10).
2
Let q be (3 + 2 + -2)*5. Let w(o) = 16*o - 106. Let k(t) = 3*t - 21. Let l(v) = 11*k(v) - 2*w(v). Calculate l(q).
-4
Let n(o) = o - 5. Let k(s) = 4*s**2 - 48*s + 7. Let v be k(17). Let a = v + -352. Determine n(a).
-10
Let k(z) = z**3 - 4*z**2 - 4*z + 2. Suppose -4*d + 1672 = 5*i, -2*i + 0*d - d = -670. Let l = i + -333. Give k(l).
-19
Let n(r) be the second derivative of -r**4/12 + 4*r**3/3 - 3*r**2 + 8*r - 1640. Let c be (14/(-8))/((-1)/4). Determine n(c).
1
Let x(u) be the first derivative of u**4/4 - 4*u**3/3 + u**2 - 6*u - 2. Let d be (-3 - (-416)/60) + (-14)/(-210). Calculate x(d).
2
Let m(w) = -w + 9. Suppose -11*f - 5*f = 0. Let r be 2/(-4)*f/(-6). Determine m(r).
9
Let n(x) = 60*x - 111. Suppose -475*h + 644 + 113 = -193. What is n(h)?
9
Let u(c) = 2 - 4*c**2 - 6 - 192*c + 200*c + 0 - 1. Determine u(3).
-17
Let n be (1 - 0/4) + 9. Suppose 0 = -2*f + 5*f - 12. Suppose j - 6 = 4*g, -5*j - 8 - n = f*g. Let l(o) = 3*o + 3. What is l(j)?
-3
Let q(u) = 3*u - 13. Let f(n) = 8*n - 37. Let k(j) = 2*j**2 - 34*j - 65. Let b be k(19). Let r(d) = b*q(d) - 4*f(d). Determine r(7).
12
Let o(q) = q + 1. Let c(n) = 5*n + 5. Suppose 6 = -5*r + p, 4*r + 5 = 5*p - 4*p. Let u(w) = r*c(w) + 2*o(w). Determine u(-2).
3
Let n(p) = -14*p + 7. Let f(w) = w - 1. Let j(l) = -l + 7. Let k be j(1). Let t(m) = k*f(m) + n(m). Determine t(-2).
17
Suppose -4*c = 2*j - 20, 0*j = -5*j + 5*c + 20. Let b be 573 - ((-3)/12 + (-3)/(-12)). Let r(h) = h + 1141 - 567 - b. Determine r(j).
7
Let d = -69 + 148. Suppose 26 - d = -y. Let t(b) = -105*b + 50*b + y*b. What is t(-1)?
2
Let k(j) = 2*j**3 + 7*j**2 - 3*j + 1. Let g be 188 - (-5 + 10/5 + 2). Let i = g + -193. Give k(i).
-3
Let p(a) = a. Let b = 48 + -41. Let r = 26 - b. Suppose -v - 2*t + 2 - r = 0, -2*v + 4*t = 2. Determine p(v).
-9
Let a(i) = -3*i - 1. Let s(m) = m**2 + 10*m + 8. Let c be s(-9). Let o(j) = -j**2 + 7*j. Let r be o(7). Let q = r - c. Calculate a(q).
-4
Let k(w) = -5*w - 7. Let v = 399 + -393. Determine k(v).
-37
Let z(v) = 30*v + 77. Let r(x) = -321*x + 5454. Let i be r(17). What is z(i)?
-13
Let t(i) = i**3 - 18*i**2 - 20*i + 28. Suppose -32*d + 247 = -19*d. Calculate t(d).
9
Suppose -2*x + f + 8 = 52, 2*x + 3*f = -44. Let v(o) = -o - 27. Let l be v(x). Let h(a) = -a**2 - 4*a + 4. What is h(l)?
-1
Let c(m) = -m**3 + 2*m**2 + 4*m. Let z be c(-2). Let v(r) = -6*r + 21. What is v(z)?
-27
Let c = 1723 - 1729. Let p(l) = -23*l - 1. Let b(m) = 2*m. Let g(w) = -22*b(w) - 2*p(w). Give g(c).
-10
Let r(g) = -5*g + 125. Let i be r(22). Let z(u) = 2*u - 9. Let w(j) = -2*j + 8. Let h(y) = 5*w(y) + 6*z(y). What is h(i)?
16
Let j(r) = r**3 + r**2 - r - 1. Let i(x) be the first derivative of 3*x**4/2 + 5*x**3/3 - 3*x**2 - 5*x - 33. Let v(h) = -i(h) + 4*j(h). Give v(-2).
9
Let n(y) = y**2 - 2*y - 4. Suppose -8*q - 3 + 35 = 0. Let i be ((-64)/40)/(q/(-10)). Give n(i).
4
Let a(h) be the first derivative of h**5/30 + h**4/4 - h**3/3 + 159*h**2/2 + 207. Let k(r) be the second derivative of a(r). Calculate k(-6).
34
Let t(d) = d**2 + 7*d - 80. Let a be (-10)/(3*32/24) - 68/(-8). Give t(a).
-2
Let s(i) = -i**3 - 4*i**2 + 6*i - 4. Suppose -1 + 3 = -w - 4*n, -2*w + 1 = 3*n. Let l be (-3)/((-15)/35 - 0). Let t = w - l. What is s(t)?
-9
Let l(o) = -13 - 209*o + 1 + 15 + 133*o. What is l(-1)?
79
Let v(q) = q**2 + 5*q + q**3 + q**2 + q**2 - 3*q. Let a(k) = k - 9. Let o be a(11). Suppose 0 = -2*p - 2 - o. Give v(p).
0
Let p(m) = 16*m**2 + 3*m + 2. Let j(z) = 144*z - 434. Let l be j(3). Determine p(l).
60
Let u(g) = -4*g**2 + 31*g + 14. Let d = -30765 + 30773. What is u(d)?
6
Let c(a) = a**3 - a**2 - a - 1. Let b be c(-1). Let k be b*3/(-1 - 2). Let y(v) = -7 + v + 12 - k - 2*v. What is y(4)?
-1
Let f(x) = 13*x**2 - 4*x - 4. Let n(l) = -5*l**2 + 3*l + 5. Let h(k) = 3*k**2 - 3*k - 6. Let i(t) = -2*h(t) - 3*n(t). Let o(r) = 5*f(r) - 7*i(r). What is o(-2)?
7
Let d(l) = -l**3 - 3*l**2 - l - 3. Suppose -j = 2*j + 60. Let r be 2/(48/j + 2). Let s be 26/(-10) + -1*(-2)/r. Calculate d(s).
0
Let k(t) = -t**3 + 9*t**2 - 13*t + 12. Let m = -348 - -193. Let a = 163 + m. What is k(a)?
-28
Let v(q) be the second derivative of q**6/120 + q**5/5 + 4*q**3/3 - 126*q**2 - 41*q + 1. Let h(l) be the first derivative of v(l). Give h(-12).
8
Let c = 30361 + -30359. Let p(a) = 33*a - 14. Give p(c).
52
Let b(m) = -m**3 + 6*m**2 - 7*m + 6. Let g(u) = -11*u**3 + 2*u**3 + 10*u**3 + 25*u**2 + 4. Let k be g(-25). What is b(k)?
10
Let k be 3 + (3/((-3)/11) - -2). Let w(s) be the second derivative of -1/6*s**3 + 5*s - 1 + 2*s**2. Calculate w(k).
1